{"id":139,"date":"2021-07-17T13:52:11","date_gmt":"2021-07-17T11:52:11","guid":{"rendered":"https:\/\/wellness-asset.com\/?page_id=139"},"modified":"2021-08-09T02:18:29","modified_gmt":"2021-08-09T00:18:29","slug":"accueil","status":"publish","type":"page","link":"https:\/\/wellness-asset.com\/index.php\/fr\/","title":{"rendered":"Wellness asset"},"content":{"rendered":"<p>[vc_row row_type=\u00a0\u00bbrow\u00a0\u00bb use_row_as_full_screen_section=\u00a0\u00bbno\u00a0\u00bb type=\u00a0\u00bbgrid\u00a0\u00bb text_align=\u00a0\u00bbleft\u00a0\u00bb use_as_box=\u00a0\u00bbuse_row_as_box\u00a0\u00bb padding_top=\u00a0\u00bb30&Prime; padding_bottom=\u00a0\u00bb30&Prime; css_animation=\u00a0\u00bb\u00a0\u00bb box_shadow_on_row=\u00a0\u00bbno\u00a0\u00bb][vc_column width=\u00a0\u00bb1\/3&Prime;][vc_single_image image=\u00a0\u00bb185&Prime; img_size=\u00a0\u00bbfull\u00a0\u00bb alignment=\u00a0\u00bbcenter\u00a0\u00bb qode_hover_animation=\u00a0\u00bb\u00a0\u00bb qode_css_animation=\u00a0\u00bb\u00a0\u00bb][\/vc_column][vc_column width=\u00a0\u00bb2\/3&Prime;][vc_separator type=\u00a0\u00bbtransparent\u00a0\u00bb thickness=\u00a0\u00bb10&Prime; up_style=\u00a0\u00bbpx\u00a0\u00bb down_style=\u00a0\u00bbpx\u00a0\u00bb][vc_column_text]<b>Avec une exp\u00e9rience de plus de 20 ans dans l\u2019industrie du bien-\u00eatre et de l\u2019h\u00f4tellerie internationale du luxe, WELLNESS ASSET est un partenaire de confiance pour amener votre projet vers la route du succ\u00e8s.<\/b><\/p>\n<p>&nbsp;<\/p>\n<h3><b>TRANSFORMER UNE VISION EN R\u00c9ALIT\u00c9:<\/b><\/h3>\n<h4><b>D\u00e9crypter<\/b><b> et <\/b><b>d\u00e9briefer<\/b><\/h4>\n<p>WA d\u00e9crypte pour vous les nouveaut\u00e9s de l\u2019industrie et pr\u00e9sente les nouvelles tendances. Nouveaux m\u00e9dias, influenceurs, derniers soins ou technologies contribuent au besoin d\u2019une vieille active du march\u00e9 et de formation continue. Ne perdez pas de temps, WA aide les d\u00e9cideurs \u00e0 prendre les bonnes id\u00e9es pour leur business.<\/p>\n<p>En tant que partenaire, WA conseille et challenge votre perception, avec un focus sur le future du business \u00e0 5-10 ans.<\/p>\n<div class=\"notranslate\" style=\"all: initial;\"><\/div>\n<p>[\/vc_column_text][\/vc_column][\/vc_row][vc_row row_type=\u00a0\u00bbrow\u00a0\u00bb use_row_as_full_screen_section=\u00a0\u00bbno\u00a0\u00bb type=\u00a0\u00bbgrid\u00a0\u00bb text_align=\u00a0\u00bbleft\u00a0\u00bb use_as_box=\u00a0\u00bbuse_row_as_box\u00a0\u00bb padding_top=\u00a0\u00bb30&Prime; padding_bottom=\u00a0\u00bb30&Prime; css_animation=\u00a0\u00bb\u00a0\u00bb box_shadow_on_row=\u00a0\u00bbno\u00a0\u00bb][vc_column width=\u00a0\u00bb2\/3&Prime;][vc_column_text]<\/p>\n<h4><b>Analyser<\/b><b> et <\/b><b>animer<\/b><\/h4>\n<p>Evaluation de vos performances, votre business plan et les services propos\u00e9s. WA a pour objectif de secouer, d\u2019agiter et de trouver la meilleure solution pour l\u2019entreprise. Pas pour les actionnaires ou le directeur, pas pour les employ\u00e9s ni pour les clients, mais pour l\u2019entreprise dans sa globalit\u00e9. Quelle est la performance des action marketing? Qui sont vos meilleurs vendeurs? Quelle formation vous proposez? Que disent vos statistiques sur votre performance?<\/p>\n<p>&nbsp;<\/p>\n<h4><b>Imaginer et implanter<\/b><\/h4>\n<p>Plan de coupe budg\u00e9taire, r\u00e9novation du parcours client, plan financier, strat\u00e9gie commerciale, optimisation du personnel\u2026<\/p>\n<p>Le R\u00f4le de WA r\u00f4le dans l\u2019entreprise n\u2019est pas seulement mettre en place mais cr\u00e9er, pas seulement expliquer mais initier, pas seulement appliquer mais inventer.[\/vc_column_text][vc_separator type=\u00a0\u00bbtransparent\u00a0\u00bb thickness=\u00a0\u00bb10&Prime; up_style=\u00a0\u00bbpx\u00a0\u00bb down_style=\u00a0\u00bbpx\u00a0\u00bb][\/vc_column][vc_column width=\u00a0\u00bb1\/3&Prime;][vc_single_image image=\u00a0\u00bb186&Prime; img_size=\u00a0\u00bbfull\u00a0\u00bb alignment=\u00a0\u00bbcenter\u00a0\u00bb qode_hover_animation=\u00a0\u00bb\u00a0\u00bb qode_css_animation=\u00a0\u00bb\u00a0\u00bb][\/vc_column][\/vc_row][vc_row row_type=\u00a0\u00bbrow\u00a0\u00bb use_row_as_full_screen_section=\u00a0\u00bbno\u00a0\u00bb type=\u00a0\u00bbgrid\u00a0\u00bb text_align=\u00a0\u00bbleft\u00a0\u00bb use_as_box=\u00a0\u00bbuse_row_as_box\u00a0\u00bb padding_top=\u00a0\u00bb30&Prime; padding_bottom=\u00a0\u00bb30&Prime; css_animation=\u00a0\u00bb\u00a0\u00bb box_shadow_on_row=\u00a0\u00bbno\u00a0\u00bb][vc_column width=\u00a0\u00bb1\/3&Prime;][vc_single_image image=\u00a0\u00bb187&Prime; img_size=\u00a0\u00bbfull\u00a0\u00bb alignment=\u00a0\u00bbcenter\u00a0\u00bb qode_hover_animation=\u00a0\u00bb\u00a0\u00bb qode_css_animation=\u00a0\u00bb\u00a0\u00bb][vc_separator type=\u00a0\u00bbtransparent\u00a0\u00bb thickness=\u00a0\u00bb10&Prime; up_style=\u00a0\u00bbpx\u00a0\u00bb down_style=\u00a0\u00bbpx\u00a0\u00bb][\/vc_column][vc_column width=\u00a0\u00bb2\/3&Prime;][vc_column_text]<b>WELLNESS ASSET aide les investisseurs <\/b><b>et exploitants sur la conduite de projets dans une cr\u00e9ation, une r\u00e9novation ou un repositionnement du spa. Pour une cr\u00e9ation, son r\u00f4le est d\u2019agir comme exploitant pendant les phases de conceptualisation et de construction, pour assurer une exploitation simple et efficace d\u00e8s l\u2019ouverture. <\/b><b>Interaction<\/b><b> avec les architectes et propri\u00e9taires, coordination des fournisseurs en \u00e9quipements, assistance technique font partie des prestations.<br \/>\n<\/b><\/p>\n<p>&nbsp;<\/p>\n<p><b>WELLNESS ASSET propose \u00e9galement aux entrepreneurs d\u00e9butants dans les m\u00e9tiers de l\u2019h\u00f4tellerie et de la restauration, de les accompagner dans leur processus de cr\u00e9ation, la r\u00e9daction de leur business plan et le montant de leur investissement.<\/b><\/p>\n<p>&nbsp;<\/p>\n<p><b>WELLNESS ASSET\u00a0 d\u00e9veloppe des parcs de loisirs sportifs en ext\u00e9rieur, d\u2019un nouveau type, mixant les parcours d\u2019obstacles avec des jeux de team building, id\u00e9al pour attirer diff\u00e9rents march\u00e9s selon la saison. Nos clients sont majoritairement des destinations vacances, des ch\u00e2teaux, campings ou <\/b><b>resorts<\/b><b>.<\/b><\/p>\n<p>&nbsp;<\/p>\n<p><b>WELLNESS ASSET implante des concepts \u00e0 fort retour sur investissement. Nous cr\u00e9ons des espaces Spa Suite chez les particuliers, pour valoriser le revenu de leur habitation. Nous assistons sur le <\/b><b>d\u00e9sign<\/b><b> et l\u2019\u00e9quipement et nous organisons de plan commercial et de communication. <\/b><\/p>\n<div class=\"notranslate\" style=\"all: initial;\"><\/div>\n<p>[\/vc_column_text][\/vc_column][\/vc_row][vc_row row_type=\u00a0\u00bbrow\u00a0\u00bb use_row_as_full_screen_section=\u00a0\u00bbno\u00a0\u00bb type=\u00a0\u00bbgrid\u00a0\u00bb text_align=\u00a0\u00bbleft\u00a0\u00bb css_animation=\u00a0\u00bb\u00a0\u00bb box_shadow_on_row=\u00a0\u00bbno\u00a0\u00bb][vc_column][vc_separator type=\u00a0\u00bbtransparent\u00a0\u00bb thickness=\u00a0\u00bb30&Prime; up_style=\u00a0\u00bbpx\u00a0\u00bb down_style=\u00a0\u00bbpx\u00a0\u00bb][\/vc_column][\/vc_row]<\/p>\n","protected":false},"excerpt":{"rendered":"<p>[vc_row row_type=\u00a0\u00bbrow\u00a0\u00bb use_row_as_full_screen_section=\u00a0\u00bbno\u00a0\u00bb type=\u00a0\u00bbgrid\u00a0\u00bb text_align=\u00a0\u00bbleft\u00a0\u00bb use_as_box=\u00a0\u00bbuse_row_as_box\u00a0\u00bb padding_top=\u00a0\u00bb30&Prime; padding_bottom=\u00a0\u00bb30&Prime; css_animation=\u00a0\u00bb\u00a0\u00bb box_shadow_on_row=\u00a0\u00bbno\u00a0\u00bb][vc_column width=\u00a0\u00bb1\/3&Prime;][vc_single_image image=\u00a0\u00bb185&Prime; img_size=\u00a0\u00bbfull\u00a0\u00bb alignment=\u00a0\u00bbcenter\u00a0\u00bb qode_hover_animation=\u00a0\u00bb\u00a0\u00bb qode_css_animation=\u00a0\u00bb\u00a0\u00bb][\/vc_column][vc_column width=\u00a0\u00bb2\/3&Prime;][vc_separator type=\u00a0\u00bbtransparent\u00a0\u00bb thickness=\u00a0\u00bb10&Prime; up_style=\u00a0\u00bbpx\u00a0\u00bb down_style=\u00a0\u00bbpx\u00a0\u00bb][vc_column_text]Avec une exp\u00e9rience de plus de 20 ans dans l\u2019industrie du bien-\u00eatre et de l\u2019h\u00f4tellerie internationale du luxe, WELLNESS ASSET est un partenaire de confiance&#8230;<\/p>\n","protected":false},"author":2,"featured_media":0,"parent":0,"menu_order":0,"comment_status":"closed","ping_status":"closed","template":"full_width.php","meta":[],"_links":{"self":[{"href":"https:\/\/wellness-asset.com\/index.php\/wp-json\/wp\/v2\/pages\/139"}],"collection":[{"href":"https:\/\/wellness-asset.com\/index.php\/wp-json\/wp\/v2\/pages"}],"about":[{"href":"https:\/\/wellness-asset.com\/index.php\/wp-json\/wp\/v2\/types\/page"}],"author":[{"embeddable":true,"href":"https:\/\/wellness-asset.com\/index.php\/wp-json\/wp\/v2\/users\/2"}],"replies":[{"embeddable":true,"href":"https:\/\/wellness-asset.com\/index.php\/wp-json\/wp\/v2\/comments?post=139"}],"version-history":[{"count":16,"href":"https:\/\/wellness-asset.com\/index.php\/wp-json\/wp\/v2\/pages\/139\/revisions"}],"predecessor-version":[{"id":392,"href":"https:\/\/wellness-asset.com\/index.php\/wp-json\/wp\/v2\/pages\/139\/revisions\/392"}],"wp:attachment":[{"href":"https:\/\/wellness-asset.com\/index.php\/wp-json\/wp\/v2\/media?parent=139"}],"curies":[{"name":"wp","href":"https:\/\/api.w.org\/{rel}","templated":true}]}}